. Calculate x(i).
-18
Let k(u) = 13*u + 294. Let v be (19/(-30) + 18/135 + 0)*48. Determine k(v).
-18
Let y(w) be the second derivative of -3*w**3/2 - w**2 - w. Suppose 2*s + 3*t + 29 = 0, -210*s + 1 = -212*s + t. What is y(s)?
34
Let a(k) = -14*k**3 + k - 1. Let r be a(1). Let q = r + 8. Let p(t) = -13407646029*t**2 - 4*t + 1 + 0*t + 4*t + 13407646023*t**2 - t**3. Determine p(q).
1
Let c(s) = -13 + 527 - s**2 - 524 - 10*s. Determine c(-14).
-66
Let i(p) be the second derivative of p**5/20 + p**4/12 - 4*p**2 + 2*p. Let l(v) = 5*v**2 - 9*v - 6. Let o be l(-3). Let s = -66 + o. Give i(s).
-8
Let t be 4/(-6) + (-3)/9. Let s = -2 - t. Let j(y) = 1730*y**2 + 13807*y**3 - 1 - 1730*y**2 - 2*y - 13801*y**3. Calculate j(s).
-5
Let m be 1/(((-2)/2)/11). Let v(g) = -13*g + 5. Let d(o) = -7*o + 3. Let j(u) = m*d(u) + 6*v(u). Determine j(-5).
2
Let j(n) = n**3 + 22931*n**2 - 3*n**3 - 22 + 22945*n**2 - 45893*n**2 + 7*n. Determine j(-9).
-4
Let d(r) be the first derivative of r**3/3 + r - 4173. Calculate d(-1).
2
Let f be 160/16 - (15 + 3). Suppose a + 5*y = 3*a - 23, 5*a + 3*y = 42. Let h = a + f. Let c(t) = -11*t**2 - t + 1. Give c(h).
-11
Let m(x) = -x**3 - 29*x**2 - 52*x + 54. Let z = -84 + 57. Determine m(z).
0
Let b(c) be the second derivative of -8*c + 1/20*c**5 - 3/2*c**2 + 7/12*c**4 - 2 - 1/6*c**3. Calculate b(-7).
4
Let r(q) = -3*q + 34. Let u(p) = 45*p + 413. Let v be u(-9). Give r(v).
10
Suppose -2*n + 5*n = 12. Let t be (15/(-12))/(1/n). Let u(m) = 5*m + 29 - 338 + 26 + 228 + 25 + 33. Calculate u(t).
-22
Let p(d) = d**3 - 9*d**2 - 22*d - 16. Suppose 12*v + 15 = 17*v, -z + 8 = -v. Give p(z).
-16
Suppose -3*x + 8*f = 3*f - 37, -f - 13 = -2*x. Let v(o) = 4*o**2 - 10*o - 12. Calculate v(x).
12
Let g(r) = -17 - 3 + 2*r + 8 - 3*r - 12. What is g(-33)?
9
Let a(g) = g**3 + 11*g**2 + 21*g - 4. Let y be (344 - 337) + (-2)/6 + (-100)/6. Calculate a(y).
-114
Let z(q) = -q**2 + 22*q + 14. Let t(s) = -s**3 + 9*s**2 + 273*s - 2607. Let o be t(10). Calculate z(o).
-9
Let a be (-108)/(-28) - ((-16)/28)/4. Let h(j) = -131*j + 2*j**2 + a*j**2 + j**3 + 134*j. Calculate h(-4).
20
Let b(f) = 2 - 48213*f - 2*f**2 + 48204*f + f**2. Determine b(4).
-50
Let p be (-3)/(-12) - (-25)/(-4). Let f(k) = 449*k - 8. Let t(o) = 112*o. Let i(q) = f(q) - 4*t(q). Calculate i(p).
-14
Let x(s) = 33. Let j(y) = y - 44. Let k(q) = 2*j(q) + x(q). Calculate k(20).
-15
Let x(z) = -7*z + 1. Let w(k) = -12*k - 4. Let y(a) = -3*w(a) + 5*x(a). Let f(h) = h**3 + 6*h**2 - 10*h - 7. Let g be f(-7). Suppose -2*c = 6 + g. What is y(c)?
7
Let d(o) = 4*o + 240 - 195 + 3*o - 3*o. Suppose -150 = 13*f + 19. Calculate d(f).
-7
Let x(l) be the third derivative of -l**4/12 + 2*l**3/3 + 6*l**2 - 139*l. What is x(4)?
-4
Let m be (30/135)/(2/(-3))*0. Suppose m = 4*l - 4*v - 28, 0*v = -2*l - v + 5. Let r(t) = -5 + 2 - 3*t + 2*t. Calculate r(l).
-7
Let z(d) = -d**3 - 5*d**2 + 6*d - 5. Suppose 4*x - 2 = 2*c, 3*x + 4*c = -28 + 2. Let o be x/12 + (-1 - 561/(-18)). Suppose -o = 4*j + j. Give z(j).
-5
Let p = -2791 + 2814. Let c(w) = 3*w - 72. What is c(p)?
-3
Let f be 2050/(-14) - (-114)/266. Let r = 150 + f. Let s(w) = -w**3 + 5*w**2 - 5*w + 3. Give s(r).
-1
Let h(b) = -b**3 + 11*b**2 - 6*b - 17. Let w be h(10). Suppose 2*n - w = -13. Let t(m) = 0*m - 5*m + 4*m - m + n. What is t(4)?
-3
Let v(w) = 2*w**2 - 59*w + 32. Let b be v(29). Let o(m) = 3943*m**2 - 1972*m**2 + 5*m + 5 - m**b - 1967*m**2. Let u be 0/2 - (-5)/1. What is o(u)?
5
Let b(a) = -9*a - 7 + 18*a + 5*a - 21. Determine b(3).
14
Let f be 2/(-5)*-5 - 0. Let c(d) = 6*d - 82. Let w(a) = -a + 13. Let n(x) = 4*c(x) + 26*w(x). Determine n(f).
6
Let d = -783 - -798. Let v(m) = 1 + d*m**3 - 64*m - 74*m + 2*m**2 + 136*m. What is v(1)?
16
Let s = 52 + -10. Suppose -s*o - 40 = -34*o. Let a(k) = -k**2 + 3 - 7*k - 3 - 2. What is a(o)?
8
Let d(s) be the third derivative of -11*s**4/12 + 101*s**3/2 - 644*s**2. What is d(14)?
-5
Let c(q) = 7*q - 21. Let n be c(3). Let z(w) = w + 4. Let x(o) = -2*o - 50. Let v(u) = x(u) + 3*z(u). What is v(n)?
-38
Let d(t) = -t**3 + 2*t**2 - 2. Suppose 5*a - 5 + 20 = 0. Let v be (8/(-10) - (-18)/(-90))*a. Give d(v).
-11
Suppose 5*d = 3*c - 9, -14 + 29 = 5*c - 2*d. Let g(u) = 18*u - 5*u**c + 3*u**3 - 31*u - 14 + u**3 + 15*u**2. Determine g(14).
0
Let h(g) = g**2 + 8*g + 12. Let p = -9458 + 9455. What is h(p)?
-3
Let j(n) = 2 + 7*n + 3*n + 0 + n - 8*n**2 + n**3 - 10*n. Let p = 23 - 15. Give j(p).
10
Suppose -125*v - 1173 + 2673 = 0. Let r(y) = -y**3 + 2*y**3 - 13*y**2 + 11*y + 8 - 1. Give r(v).
-5
Let d(w) = -w**3 + 5*w**2 + 7*w + 3. Let c = 8 + -13. Suppose -21*a - 20719 = -20782. Let h be 3 - (4 + c)*a. Give d(h).
9
Let q(l) = 12 - 4*l - 3 + 0*l + 5*l + 4. Let x be q(-11). Let h(k) = k**3 + k. Determine h(x).
10
Let b(q) be the second derivative of q**5/20 - 7*q**4/12 - 4*q**3/3 + 12*q**2 + 3106*q. What is b(7)?
-32
Let s be ((-128)/48)/((-3)/(1*-9) + -1). Let z(v) = -v**3 + v**2 + 5*v + 15. Determine z(s).
-13
Let o = -11273 + 11291. Let c(n) = 12*n - 204. Calculate c(o).
12
Suppose c + 15 - 4 = 0. Let u = -235 + 249. Let m(h) = 27 - 12 - h - 8 - u. Give m(c).
4
Let a(j) = 2*j + 13. Suppose 9 + 26 = 5*v. Let l be 42/63 - v/(-3). Let z be (-8)/(-16)*27*(-2)/l. Calculate a(z).
-5
Suppose 59*f + 84*f = -7*f + 2100. Let d(x) = x**3 - 14*x**2 + 4*x - 28. Give d(f).
28
Let g(u) be the second derivative of u**5/20 + u**4/3 + u**3/6 - u**2 + 7*u. Suppose 0 = -51*s - 22 - 182. Determine g(s).
-6
Let h be 198/(-42) - -5 - (-472)/14. Suppose 3*p - v - 3 = -7, -h = 3*p + 5*v. Let f(o) = 2 + 23*o - 2 - o**3 + 2 - 2*o**2 - 21*o. What is f(p)?
5
Let a(f) = -6*f**3 + 17*f**2 + 3*f - 13. Let n(t) = 7*t**3 - 20*t**2 - 3*t + 15. Let d(o) = -6*a(o) - 5*n(o). Determine d(3).
3
Let y(w) = -w**3 - 9*w**2 + 11*w + 11. Let b be 19/114 - (-2666)/(-12). Let o = b + 212. Determine y(o).
1
Let d(q) = 9*q**3 + 16*q**2 - 11*q + 35. Let f(u) = u**3 + 2*u**2 - u + 4. Let c(h) = d(h) - 8*f(h). Give c(-3).
-15
Let x(i) = 3*i + 137. Let o be x(-46). Let v(t) = 3*t**3 + 2*t**2 - 2. What is v(o)?
-3
Suppose y - 4 - 3 = -s, 3*y = -s + 23. Let b = -9 + y. Let n(h) be the first derivative of -5*h**3/3 - h - 267. Give n(b).
-6
Let c(v) = 8 + 7*v**2 + 9*v + 3 - 7*v**2 - 2*v**2 - 2*v. Give c(8).
-61
Let k(u) be the third derivative of u**6/120 - u**5/10 + u**4/8 + 11*u**3/6 + 2709*u**2. Give k(5).
1
Suppose 7 = n + i - 3*i, -3*i = 4*n + 27. Let y be 1 - n - (-3)/3. Let k(c) be the first derivative of c**3/3 - 2*c**2 - 5*c + 5632. Determine k(y).
0
Let u(d) be the second derivative of d**5/20 - d**4/3 - d**3 - 2*d**2 - 407*d - 2. Calculate u(5).
-9
Let d(f) = -3*f. Let k(v) = -25*v + 79. Let q be k(3). Suppose 2*i - 2*n - 12 = -6, 2 = -2*i + q*n. What is d(i)?
-21
Let r(t) = -t - 16. Let d be r(-15). Let j(v) = -16*v. What is j(d)?
16
Let h(p) be the second derivative of -p**6/360 - p**5/40 + p**4/24 - 36*p**3 - 36*p. Let j(f) be the second derivative of h(f). What is j(-3)?
1
Let x(g) = g**2 - 30*g + 123. Suppose -y - 6 = 3*j - 8, -2*y = -2*j - 12. What is x(y)?
-2
Let g(u) = -u**2 + 8*u + 6. Let m(b) = 10*b**2 + 1. Let w(c) = 29*c**2 + 4. Let d(y) = 7*m(y) - 2*w(y). Let h be d(-1). Suppose h*q = 15 + 62. What is g(q)?
13
Let n(m) = m**2 - m - 24. Let y = -4401 - -4396. What is n(y)?
6
Let y(h) be the second derivative of -h**3/6 + 17*h**2/2 - 3*h + 96. Calculate y(14).
3
Let a be (732 + -2 + 2)/2. Let x be (-268)/9 + a/54 + -7. Let y be 18/22 - x/165. Let q(j) = -4*j**2 + j. Calculate q(y).
-3
Let u be (-10)/2 - (-5 + 3)*6. Let s(n) = -n**3 + 8*n**2 - 17*n + 71. Calculate s(u).
1
Suppose c + 2*t = -65 + 64, -5*t - 1 = c. Let g(y) = y - 1. Let w be g(2). Let l(u) = 3*u - 9*u**2 + u + 2*u**2 - w - 5*u. What is l(c)?
-7
Let k be (75/30)/(1/2). Suppose 0 = -5*y - k*l + 5, 5*y - 11 = -3*l + 4. Let d(p) = 2 + 15*p - y*p - 10*p. Determine d(8).
-6
Let y(j) = -j**3 - j**2 - 5*j + 14. Let b be y(0). Let d(i) = b - 7 - 1 + 0 + 2*i. Let h be (0 + -4)*(-14)/(-8). Determine d(h).
-8
Let x be (-2 + -1 - -6)/(6/10). Suppose -10*y + x*y + 10 = 0. Let j(c) = 0 + c - y + 3 + 3*c. What is j(-1)?
-3
Let u(i) = i + 4. Let y = 20 - 16. Suppose -5*r - 327 = 4*a, -y*r + 2*a = 170 + 102. Let b = r + 64. Give u(b).
1
Let a(v) = 6*v**2 - 7 + 20405*v - 10201*v - 10205*v. What is a(4)?
85
Let d(t) be 